Suppose 8 = -l + 5*l. Let k be l/6 - 2/6. Suppose c = -k*r + 3*r - 3, -r = -5*c + 41. What is the units digit of c?
9
Let h(o) = o + 2. Let g be h(8). Let k = 62 - g. Suppose 3*i = k - 13. What is the tens digit of i?
1
Let i = -2 - 51. Suppose 12*b + 648 = 252. Let n = b - i. What is the tens digit of n?
2
Suppose 2*p = -p + y + 94, -2*y = 2. Suppose p = 4*z + b, 2*z - 4 = 4*b + 34. What is the units digit of z?
9
Let q be (-2)/4*8/4*-41. Suppose -k = 5*i - 33, q = k + 4*i + 12. What is the tens digit of k?
1
Suppose 0 = 3*h + 5*y - 2596, 3*y - 2299 = -3*h + 293. What is the hundreds digit of h?
8
Let u(h) = -17*h + 18. What is the units digit of u(-8)?
4
Let d(w) = 2*w**2 + 7*w. Let r be d(-5). Let v = r - 15. Suppose v = 2*q - 32 - 20. What is the units digit of q?
6
Let u(l) = -25*l + 1. Let x(a) be the third derivative of a**3/6 - 9*a**2. Let y(h) = -u(h) + 2*x(h). What is the tens digit of y(1)?
2
Let o be (-1 - -3)*(-21)/(-6). Suppose o*f = 296 + 47. What is the units digit of f?
9
Let t be (8/3 - 1)*3. Suppose 0 = 5*j - z - 3, 8 = -6*j + 4*j + 5*z. Suppose u - f - j = 0, -5 = t*u - 10*u + 4*f. What is the units digit of u?
1
Suppose 2*f - 22 = 3*r - r, f - 5*r = 23. Let m(l) = -l**2 + 14*l + 4. What is the units digit of m(f)?
2
Suppose 2*w = 4*c + 184, 5*w + 3*c - 35 = 451. Let i = 263 - w. What is the tens digit of i?
6
Suppose -5*z = -b - 16683, -5429 = -3*z - 3*b + 4588. What is the thousands digit of z?
3
Let n = 940 - 611. What is the units digit of n?
9
Let q(g) = 6*g + 8. Let b be q(8). Let t(o) = 2*o - 3*o - 53 + 6*o**2 + b + 2*o. What is the units digit of t(2)?
9
Let l(t) = 3*t**2 - 18*t + 21. Let k be l(-9). Let g = k - 244. What is the tens digit of g?
8
Let c be (-44)/10 - (-111)/(-185). Let t(u) = u**2 + u. Let z(p) = 4*p**2 - 2*p + 5. Let l(i) = -5*t(i) + z(i). What is the units digit of l(c)?
5
Let n(q) = q**3 + 5*q**2 - 6*q + 14. Let a(p) = -p**2 - 6*p + 10. Let r be a(-8). What is the units digit of n(r)?
4
Let h be ((28/21)/((-1)/3))/(-2). Suppose 13*b - h*r = 9*b + 68, -5*b + 70 = 5*r. What is the units digit of b?
6
Suppose -4*x = 2*j + 873 - 4715, -2883 = -3*x - 3*j. What is the units digit of x?
0
Let f(i) = 11*i + 5*i**2 + 2*i**2 - 6*i**2 + 7. What is the units digit of f(-12)?
9
Suppose 0 = 4*d - 5*g - 130, -g - 81 = -3*d + 22. Suppose -59 - d = -h. What is the tens digit of h?
9
Suppose 4*b = 5*h - 777, 0 = 2*b - 3 - 1. What is the units digit of h?
7
Let y(m) = 14*m + 6. Let g be y(-4). Let n be ((-6)/(-5))/((-3)/g). Suppose -2*j + 2 = -3*z, 0 = 3*j - 0*j + 4*z - n. What is the units digit of j?
4
What is the units digit of 15*7/(-6)*-8*4?
0
Let b be 27*(-1 + (4 - 1)). Let g be ((-36)/b)/((-2)/(-309)). Let n = g + 146. What is the units digit of n?
3
What is the thousands digit of -18*1/(-3) + 2472?
2
Suppose -177 = -m - 0*m + 3*f, 181 = m - 4*f. Let p = 77 + m. What is the units digit of p?
2
Let z(f) = -126*f - 4. Let u be z(-3). Suppose -220 = -3*k - 4*q, -5*k + 0*k + u = 3*q. What is the units digit of k?
6
Let j(y) = -4*y**2 + 4*y + 36. Let h(t) = -11*t**2 + 11*t + 108. Let f(l) = 3*h(l) - 8*j(l). Let n = -140 - -140. What is the units digit of f(n)?
6
Let j = 28 + -17. Let g = -12 + j. What is the tens digit of 666/27 - g/3?
2
Let o = 1819 + -958. What is the hundreds digit of o?
8
Suppose -5*w + 2307 = -348. What is the units digit of w?
1
Suppose 0 = -3*g - 2*g + 60. Let j be (3 + (-40)/g)*3. Let m(k) = 58*k**2 - k. What is the units digit of m(j)?
9
Suppose -24*z + 174 = -23*z. Suppose y + 4*a = z, -5*y + 2*a = -369 - 413. What is the hundreds digit of y?
1
Let b be 3 - (4430 - (4 - 5)). What is the units digit of (-3)/((-165)/(-10)) + b/(-33)?
4
What is the hundreds digit of 24/120 - 13898/(-10)?
3
Let y(f) = -4 - 4 - 3 + 5*f + f**2 + 4. Let w be y(-6). What is the tens digit of ((-36)/48)/(w/48)?
3
Let l(t) = -t. Let q be l(-2). Suppose 4*u - n = -3*n + 46, -4*u - 3*n + 51 = 0. Suppose -q*b + u + 13 = v, -v + 4*b = -16. What is the tens digit of v?
2
Suppose 11*q = -11*q + 1078. Let n = 104 - q. What is the tens digit of n?
5
Let d(k) = k**2 + 9*k + 8. Let h be d(-8). Suppose h = -w - 7 - 5. What is the units digit of ((-3)/w)/(-1)*-4?
1
Suppose 0 = -3*t - 4*m - 16, -4*t + 2*t + 5*m - 3 = 0. What is the units digit of 82/4 - -2*(-1)/t?
1
Let r = 93 + -41. Suppose 0*y - 4*y = -r. Suppose 9*u + 32 = y*u. What is the units digit of u?
8
Suppose -9*z + 7458 + 6438 = 0. What is the tens digit of z?
4
Suppose o = 5*o - 20, 2*u = -o + 15. Suppose 0 = 5*h - 5*k - 620, -u*h + 3*k - 368 = -986. Suppose -5*y - h = -428. What is the tens digit of y?
6
Suppose -h + 3 = -1. Let y be 2/3 + (-66)/(-9). Suppose 3*l = y*l + 10, -2*l = -h*x + 108. What is the tens digit of x?
2
Let s(w) = 2*w + 16. Let g be s(-16). Let n = 90 + g. What is the units digit of n?
4
Let k(d) = -d**3 - d**2 + 14*d - 3. Let q be k(-5). Let s = 8 + q. What is the units digit of s?
5
Suppose -3*g + 3197 = 1085. What is the units digit of g?
4
Let s = -5636 + 7916. What is the tens digit of s?
8
What is the units digit of ((-552)/70 + 28/98)*-145?
2
Suppose i - 27 = -q, 5*q - 125 = -i + 6*i. Suppose -28*o + q*o = -36. What is the units digit of o?
8
Let b(f) = -f. Let i(n) = -4*n - 4. Let h(u) = 3*b(u) - i(u). Let j be h(-2). Suppose 5*w + 7 = j, 2*w = 4*x - 62. What is the tens digit of x?
1
Let p be ((-11)/(-22))/(2/(-16)). What is the units digit of (4/12)/((-5716)/(-1428) + p)?
9
Let r(l) = -l**3 - l + 1. Let i be r(-4). Let o be 36 + (2 + -2)/(-1). Let k = i - o. What is the tens digit of k?
3
Let n(o) be the first derivative of o**4/4 + 10*o**3/3 + 5*o**2/2 - 8*o - 7. Let x be n(-7). Suppose -x = -21*a + 17*a. What is the units digit of a?
6
Let u = -577 + 1003. What is the tens digit of u?
2
Suppose -2*i + 1202 = y + y, -3*y - 613 = -i. What is the units digit of i?
4
Let u(r) = 2*r**2 - 3 - 12*r**2 + r**2 - 3*r + 10*r**2. Let g be 4/14 + 130/35. What is the units digit of u(g)?
1
Suppose -14*y - 3030 = -20*y. What is the units digit of y?
5
Suppose 0 = 6*a - 36 - 54. Let t be a - -1 - (3 + -3). Suppose -8*n = -4*n - t. What is the units digit of n?
4
Suppose 0 = 3*h + 2*i - 14, 6*i - i = -3*h + 17. Suppose 0 = -3*k - 2*s + 66, k - 21 - 11 = -h*s. What is the units digit of k?
0
Let x(o) be the first derivative of -o**5/30 - o**4/12 + 2*o**3 + 6. Let j(s) be the third derivative of x(s). What is the tens digit of j(-6)?
2
Suppose -17*r + 55*r - 31426 = 0. What is the units digit of r?
7
Let m = 782 - 268. What is the tens digit of m?
1
Suppose 15 = 5*s - 5. Suppose 4*q = 4*a + 32, -2*q - q = s*a - 24. Suppose 1 = -v + q. What is the units digit of v?
7
Suppose -26*f + 108 = 30. Let j(a) = -a + 1. Let o be j(1). Suppose o = f*i + n - 77, -5*i + 0*n - 3*n + 127 = 0. What is the tens digit of i?
2
Let g = -391 + 1077. What is the tens digit of g?
8
Let n = -66 + 93. Suppose 269 + n = -4*r. Let x = -49 - r. What is the units digit of x?
5
Let f(d) = d**3 + 10*d**2 + 6*d - 6. Let y be f(-10). Let n = y - -126. What is the units digit of n?
0
Let k = 595 - -781. What is the hundreds digit of k?
3
Let c(b) = -2*b**3 + 12*b**2 + 2*b - 3. What is the tens digit of c(4)?
6
Let u be (6/(-9))/((-4)/(-36)). Let f = 11 + u. Suppose -k + 15 = 3*d, -2*k = k + f*d - 41. What is the units digit of k?
2
Suppose -3*d - 2*d = 5*x + 765, 3*x + 452 = 4*d. Let c = -90 - x. What is the units digit of c?
2
Let v be (-3 + 3)/(2*(-3)/(-6)). Suppose 4*x - 342 - 194 = v. What is the tens digit of x?
3
Suppose -3*r + 3*m + 942 = 0, -8*r + 3*r = -3*m - 1576. What is the units digit of r?
7
Suppose -u - 28 = 3*u. Let y = u + 24. What is the tens digit of y?
1
Suppose 27 = k + 20. Suppose k*c - 11*c = -692. What is the units digit of c?
3
Let g be (0 + 24/(-15))/((-6)/15). Suppose -10*q - h - 25 = -13*q, 4*h + 44 = g*q. What is the units digit of q?
7
Let i(p) = p**2 - 17*p - 9. Let v(f) = -2*f**2 + 33*f + 17. Let d(g) = 5*i(g) + 3*v(g). Let z be d(11). Suppose -4*l + l = -z. What is the tens digit of l?
1
Suppose 17 = 5*q + 62. Let n(b) = -b**3 - 5*b**2 + 22*b + 10. What is the tens digit of n(q)?
3
Let f(p) = -p**3 + 27*p**2 + 12*p + 46. What is the units digit of f(16)?
4
Suppose -4*v = 4*r - 308, 6*v + 2*r - 400 = v. What is the units digit of v?
2
Let c be 4